{"id":74,"date":"2026-01-27T17:24:58","date_gmt":"2026-01-27T17:24:58","guid":{"rendered":"https:\/\/varbiro.hu\/?page_id=74"},"modified":"2026-01-30T15:54:39","modified_gmt":"2026-01-30T14:54:39","slug":"varbiro-keramia","status":"publish","type":"page","link":"https:\/\/varbiro.hu\/","title":{"rendered":"ceramic artist"},"content":{"rendered":"\n<div class=\"wp-block-columns is-layout-flex wp-container-core-columns-is-layout-28f84493 wp-block-columns-is-layout-flex\">\n<div class=\"wp-block-column is-layout-flow wp-block-column-is-layout-flow\" style=\"flex-basis:20%\">\n<figure class=\"wp-block-image alignright size-full\"><img decoding=\"async\" width=\"80\" height=\"60\" src=\"https:\/\/varbiro.hu\/wp-content\/uploads\/2026\/01\/logo.png\" alt=\"\" class=\"wp-image-20\"\/><\/figure>\n<\/div>\n\n\n\n<div class=\"wp-block-column is-layout-flow wp-block-column-is-layout-flow\" style=\"flex-basis:80%\">\n<p class=\"has-text-align-center has-accent-5-background-color has-background has-x-large-font-size\" style=\"border-top-left-radius:20px;border-top-right-radius:20px;border-bottom-left-radius:20px;border-bottom-right-radius:20px\">V\u00e1rbir\u00f3 Kinga Evelin<\/p>\n\n\n\n<p class=\"has-text-align-center has-accent-5-background-color has-background has-x-large-font-size\" style=\"border-top-left-radius:20px;border-top-right-radius:20px;border-bottom-left-radius:20px;border-bottom-right-radius:20px\">keramikusm\u0171v\u00e9sz<\/p>\n<\/div>\n<\/div>\n\n\n\n<div class=\"wp-block-columns is-layout-flex wp-container-core-columns-is-layout-28f84493 wp-block-columns-is-layout-flex\">\n<div class=\"wp-block-column is-layout-flow wp-block-column-is-layout-flow\">\n<p><\/p>\n<\/div>\n<\/div>\n\n\n\n<figure class=\"wp-block-image size-full has-custom-border\"><img fetchpriority=\"high\" decoding=\"async\" width=\"1707\" height=\"2560\" src=\"https:\/\/varbiro.hu\/wp-content\/uploads\/2026\/01\/FOTO-FOLDHAZI-ARPAD-scaled.jpg\" alt=\"\" class=\"wp-image-142\" style=\"border-top-left-radius:20px;border-top-right-radius:20px;border-bottom-left-radius:20px;border-bottom-right-radius:20px\" srcset=\"https:\/\/varbiro.hu\/wp-content\/uploads\/2026\/01\/FOTO-FOLDHAZI-ARPAD-scaled.jpg 1707w, https:\/\/varbiro.hu\/wp-content\/uploads\/2026\/01\/FOTO-FOLDHAZI-ARPAD-200x300.jpg 200w, https:\/\/varbiro.hu\/wp-content\/uploads\/2026\/01\/FOTO-FOLDHAZI-ARPAD-683x1024.jpg 683w, https:\/\/varbiro.hu\/wp-content\/uploads\/2026\/01\/FOTO-FOLDHAZI-ARPAD-768x1151.jpg 768w, https:\/\/varbiro.hu\/wp-content\/uploads\/2026\/01\/FOTO-FOLDHAZI-ARPAD-1024x1536.jpg 1024w, https:\/\/varbiro.hu\/wp-content\/uploads\/2026\/01\/FOTO-FOLDHAZI-ARPAD-1366x2048.jpg 1366w\" sizes=\"(max-width: 1707px) 100vw, 1707px\" \/><\/figure>\n\n\n\n<h2 class=\"wp-block-heading\">Kapcsolat \/ Contact<\/h2>\n\n\n\n<p>E-mail: varbiro.kinga@gmail.com<\/p>\n\n\n\n<p>Telefon\/phone: +36 30 954 2709<\/p>\n\n\n\n<p>Web: <a href=\"https:\/\/varbiro.hu\/\" data-type=\"link\" data-id=\"https:\/\/varbiro.hu\/\">www.varbiro.hu<\/a><\/p>\n\n\n\n<p>FB: <a href=\"http:\/\/www.facebook.com\/varbiro\" target=\"_blank\" rel=\"noreferrer noopener\">www.facebook.com\/varbiro<\/a><\/p>\n\n\n\n<figure class=\"wp-block-image size-full is-resized has-custom-border\"><img decoding=\"async\" width=\"512\" height=\"512\" src=\"https:\/\/varbiro.hu\/wp-content\/uploads\/2026\/01\/monogram-512.jpg\" alt=\"\" class=\"wp-image-144\" style=\"border-top-left-radius:20px;border-top-right-radius:20px;border-bottom-left-radius:20px;border-bottom-right-radius:20px;width:100px\" srcset=\"https:\/\/varbiro.hu\/wp-content\/uploads\/2026\/01\/monogram-512.jpg 512w, https:\/\/varbiro.hu\/wp-content\/uploads\/2026\/01\/monogram-512-300x300.jpg 300w, https:\/\/varbiro.hu\/wp-content\/uploads\/2026\/01\/monogram-512-150x150.jpg 150w\" sizes=\"(max-width: 512px) 100vw, 512px\" \/><\/figure>\n\n\n\n<p><\/p>\n","protected":false},"excerpt":{"rendered":"<p>V\u00e1rbir\u00f3 Kinga Evelin keramikusm\u0171v\u00e9sz Kapcsolat \/ Contact E-mail: varbiro.kinga@gmail.com Telefon\/phone: +36 30 954 2709 Web: www.varbiro.hu FB: www.facebook.com\/varbiro<\/p>\n","protected":false},"author":2,"featured_media":0,"parent":0,"menu_order":0,"comment_status":"closed","ping_status":"closed","template":"","meta":{"footnotes":""},"class_list":["post-74","page","type-page","status-publish","hentry"],"_links":{"self":[{"href":"https:\/\/varbiro.hu\/index.php\/wp-json\/wp\/v2\/pages\/74","targetHints":{"allow":["GET"]}}],"collection":[{"href":"https:\/\/varbiro.hu\/index.php\/wp-json\/wp\/v2\/pages"}],"about":[{"href":"https:\/\/varbiro.hu\/index.php\/wp-json\/wp\/v2\/types\/page"}],"author":[{"embeddable":true,"href":"https:\/\/varbiro.hu\/index.php\/wp-json\/wp\/v2\/users\/2"}],"replies":[{"embeddable":true,"href":"https:\/\/varbiro.hu\/index.php\/wp-json\/wp\/v2\/comments?post=74"}],"version-history":[{"count":13,"href":"https:\/\/varbiro.hu\/index.php\/wp-json\/wp\/v2\/pages\/74\/revisions"}],"predecessor-version":[{"id":259,"href":"https:\/\/varbiro.hu\/index.php\/wp-json\/wp\/v2\/pages\/74\/revisions\/259"}],"wp:attachment":[{"href":"https:\/\/varbiro.hu\/index.php\/wp-json\/wp\/v2\/media?parent=74"}],"curies":[{"name":"wp","href":"https:\/\/api.w.org\/{rel}","templated":true}]}}