{"id":72,"date":"2026-01-27T17:23:39","date_gmt":"2026-01-27T17:23:39","guid":{"rendered":"https:\/\/varbiro.hu\/?page_id=72"},"modified":"2026-01-28T17:05:54","modified_gmt":"2026-01-28T16:05:54","slug":"rolam","status":"publish","type":"page","link":"https:\/\/varbiro.hu\/index.php\/rolam\/","title":{"rendered":"R\u00f3lam"},"content":{"rendered":"\n<p class=\"has-accent-5-background-color has-background has-x-large-font-size\" style=\"border-top-left-radius:20px;border-top-right-radius:20px;border-bottom-left-radius:20px;border-bottom-right-radius:20px\">V\u00e1rbir\u00f3 Kinga Evelin keramikusm\u0171v\u00e9sz<\/p>\n\n\n\n<p>1997-ben diplom\u00e1ztam a Magyar Iparm\u0171v\u00e9szeti F\u0151iskola Mesterk\u00e9pz\u0151 Int\u00e9zet\u00e9ben.<\/p>\n\n\n\n<p>Nagy \u00f6r\u00f6m sz\u00e1momra, hogy r\u00e9szt vehettem: Sv\u00e1jcban \u2013 Nyonban a Porcel\u00e1ntrienn\u00e1l\u00e9n ; Olaszorsz\u00e1gban \u2013 Faenz\u00e1ban a ker\u00e1mia bienn\u00e1l\u00e9n; Jap\u00e1nban \u2013 Aomoriban egy Nemzetk\u00f6zi Fat\u00fczel\u00e9ses Ker\u00e1mia Fesztiv\u00e1lon.<\/p>\n\n\n\n<p>A t\u00f6bb hazai csoportos ki\u00e1ll\u00edt\u00e1s mellett Finnorsz\u00e1gban, T\u00f6r\u00f6korsz\u00e1gban, N\u00e9metorsz\u00e1gban \u00e9s Olaszorsz\u00e1gban is szerepeltem, a legut\u00f3bbi egy\u00e9ni ki\u00e1ll\u00edt\u00e1som pedig a budapesti Museion No1 Gal\u00e9ri\u00e1ban volt Sz\u0151cs \u00c9va Andre\u00e1val.<\/p>\n\n\n\n<p>Rendszeresen r\u00e9szt veszek k\u00fcl\u00f6nb\u00f6z\u0151 mesterkurzusokon, szimp\u00f3ziumokon, egy\u00e9ni \u00e9s k\u00f6z\u00f6s ki\u00e1ll\u00edt\u00e1sokon. Szakmai munk\u00e1ss\u00e1gomnak legfontosabb helysz\u00edn\u00e9t a Kecskem\u00e9ti Nemzetk\u00f6zi Ker\u00e1mia St\u00fadi\u00f3t tartom, ahol k\u00e9t \u00e9vig lehettem, mint mesterdiplom\u00e1s, majd k\u00e9s\u0151bb sz\u00e1mos szimp\u00f3ziumon \u00e9s mesterkurzuson alkothattam hazai \u00e9s k\u00fclf\u00f6ldi m\u0171v\u00e9szekkel egyar\u00e1nt.<\/p>\n\n\n\n<p>Fontos sz\u00e1momra egy \u201e\u00e9l\u0151\u201d gy\u00e1r vagy manufakt\u00fara m\u0171k\u00f6d\u00e9s\u00e9t szem\u00e9lyesen megtapasztalni. A h\u00e1rom\u00e9ves Moholy- Nagy L\u00e1szl\u00f3 formatervez\u00e9si \u00f6szt\u00f6nd\u00edjam \u00e1ltal k\u00e9t \u00e9vet a Herendi Manufakt\u00far\u00e1ban t\u00f6ltve sok tapasztalatot szereztem az ottani felk\u00e9sz\u00fclt szakemberekt\u0151l. Az Alf\u00f6ld Porcel\u00e1ngy\u00e1r pedig 2015-ben is nagy lehet\u0151s\u00e9get adott a H\u00f3dmez\u0151v\u00e1s\u00e1rhelyi Szimp\u00f3zium r\u00e9sztvev\u0151 m\u0171v\u00e9szei sz\u00e1m\u00e1ra.<\/p>\n\n\n\n<p>2011 \u00f3ta Szigetmonostori m\u0171helyemben, a Pajta St\u00fadi\u00f3ban gyerekeknek tartok eg\u00e9sz \u00e9vben ker\u00e1mia szakk\u00f6rt, a feln\u0151tt \u00d6nk\u00e9pz\u0151 k\u00f6r pedig \u00e9vek \u00f3ta m\u0171k\u00f6dik. Tapasztalatom szerint egyre t\u00f6bben v\u00e1gynak arra, hogy munka ut\u00e1n kez\u00fcket form\u00e1z\u00e1sra, korongoz\u00e1sra \u00e9s fest\u00e9sre haszn\u00e1lj\u00e1k \u00e9s alkothassanak kedv\u00fck szerint egy inspirat\u00edv l\u00e9gk\u00f6rben, felk\u00e9sz\u00fclt m\u0171v\u00e9sz vezet\u00e9s\u00e9vel.<\/p>\n\n\n\n<p>Azt tartom izgalmasnak, amikor egy bizonyos gondolatt\u00f3l, \u00f6tlett\u0151l vez\u00e9relve az anyag rugalmass\u00e1ga, hajl\u00e9konys\u00e1ga \u00e1ltal friss, sosem tapasztalt form\u00e1k sz\u00fclethetnek meg a kezeim \u00e1ltal. &nbsp;Ilyenkor a j\u00f3l ismert fesz\u00fclts\u00e9gen \u00e9s izgatotts\u00e1gon t\u00fal m\u00e1r a j\u00e1tsz\u00f3 gyermek \u00f6r\u00f6me t\u00f6lt el.<\/p>\n\n\n\n<p>Szeretem a v\u00e1ltozatoss\u00e1got m\u0171faj \u00e9s t\u00e9ma tekintet\u00e9ben is \u2013 \u201ek\u00f6telez\u0151\u201d valami \u00fajat l\u00e9trehozni, legyen az egy k\u00fclt\u00e9ri plasztika, korongozott figura vagy ak\u00e1r egy m\u00e1zas porcel\u00e1nt\u00e9gely. &nbsp;<\/p>\n\n\n\n<p>Kedvenc t\u00e9m\u00e1im: j\u00e1t\u00e9kt\u00e1bl\u00e1k; kerti plasztik\u00e1k; sz\u00e1rnyplasztik\u00e1k; korongolt figur\u00e1k; rajzos fel\u00fclet\u0171 ker\u00e1mia burkolat.<\/p>\n\n\n\n<p>Kedvenc technik\u00e1im: pap\u00edrporcel\u00e1nnal val\u00f3 plasztika\u00e9p\u00edt\u00e9s, felrak\u00e1s, korongoz\u00e1s.<\/p>\n\n\n\n<p>K\u00e9rtek m\u00e1r fel d\u00edjak tervez\u00e9s\u00e9re; diz\u00e1jn t\u00e1rgyak \u00e9s \u00e9kszerek; k\u00f6zt\u00e9ri iv\u00f3k\u00fat; urna \u00e9s kerti plasztik\u00e1k kivitelez\u00e9s\u00e9re is.<\/p>\n\n\n\n<p>T\u00f6rekszem a meg\u00fajul\u00e1sra \u00e9s az \u0151szintes\u00e9gre.<\/p>\n\n\n\n<figure class=\"wp-block-image size-full is-resized has-custom-border\"><img fetchpriority=\"high\" decoding=\"async\" width=\"512\" height=\"512\" src=\"https:\/\/varbiro.hu\/wp-content\/uploads\/2026\/01\/monogram-512.jpg\" alt=\"\" class=\"wp-image-144\" style=\"border-top-left-radius:20px;border-top-right-radius:20px;border-bottom-left-radius:20px;border-bottom-right-radius:20px;width:100px\" srcset=\"https:\/\/varbiro.hu\/wp-content\/uploads\/2026\/01\/monogram-512.jpg 512w, https:\/\/varbiro.hu\/wp-content\/uploads\/2026\/01\/monogram-512-300x300.jpg 300w, https:\/\/varbiro.hu\/wp-content\/uploads\/2026\/01\/monogram-512-150x150.jpg 150w\" sizes=\"(max-width: 512px) 100vw, 512px\" \/><\/figure>\n","protected":false},"excerpt":{"rendered":"<p>V\u00e1rbir\u00f3 Kinga Evelin keramikusm\u0171v\u00e9sz 1997-ben diplom\u00e1ztam a Magyar Iparm\u0171v\u00e9szeti F\u0151iskola Mesterk\u00e9pz\u0151 Int\u00e9zet\u00e9ben. Nagy \u00f6r\u00f6m sz\u00e1momra, hogy r\u00e9szt vehettem: Sv\u00e1jcban \u2013 Nyonban a Porcel\u00e1ntrienn\u00e1l\u00e9n ; Olaszorsz\u00e1gban \u2013 Faenz\u00e1ban a ker\u00e1mia bienn\u00e1l\u00e9n; Jap\u00e1nban \u2013 Aomoriban egy Nemzetk\u00f6zi Fat\u00fczel\u00e9ses Ker\u00e1mia Fesztiv\u00e1lon. A t\u00f6bb hazai csoportos ki\u00e1ll\u00edt\u00e1s mellett Finnorsz\u00e1gban, T\u00f6r\u00f6korsz\u00e1gban, N\u00e9metorsz\u00e1gban \u00e9s Olaszorsz\u00e1gban is szerepeltem, a legut\u00f3bbi egy\u00e9ni ki\u00e1ll\u00edt\u00e1som [&hellip;]<\/p>\n","protected":false},"author":2,"featured_media":0,"parent":0,"menu_order":0,"comment_status":"closed","ping_status":"closed","template":"","meta":{"footnotes":""},"class_list":["post-72","page","type-page","status-publish","hentry"],"_links":{"self":[{"href":"https:\/\/varbiro.hu\/index.php\/wp-json\/wp\/v2\/pages\/72","targetHints":{"allow":["GET"]}}],"collection":[{"href":"https:\/\/varbiro.hu\/index.php\/wp-json\/wp\/v2\/pages"}],"about":[{"href":"https:\/\/varbiro.hu\/index.php\/wp-json\/wp\/v2\/types\/page"}],"author":[{"embeddable":true,"href":"https:\/\/varbiro.hu\/index.php\/wp-json\/wp\/v2\/users\/2"}],"replies":[{"embeddable":true,"href":"https:\/\/varbiro.hu\/index.php\/wp-json\/wp\/v2\/comments?post=72"}],"version-history":[{"count":3,"href":"https:\/\/varbiro.hu\/index.php\/wp-json\/wp\/v2\/pages\/72\/revisions"}],"predecessor-version":[{"id":170,"href":"https:\/\/varbiro.hu\/index.php\/wp-json\/wp\/v2\/pages\/72\/revisions\/170"}],"wp:attachment":[{"href":"https:\/\/varbiro.hu\/index.php\/wp-json\/wp\/v2\/media?parent=72"}],"curies":[{"name":"wp","href":"https:\/\/api.w.org\/{rel}","templated":true}]}}

Rólam

<p class="has-accent-5-background-color has-background has-x-large-font-size" style="border-top-left-radius:20px;border-top-right-radius:20px;border-bottom-left-radius:20px;border-bottom-right-radius:20px">Várbiró Kinga Evelin keramikusművész</p>



<p>1997-ben diplomáztam a Magyar Iparművészeti Főiskola Mesterképző Intézetében.</p>



<p>Nagy öröm számomra, hogy részt vehettem: Svájcban – Nyonban a Porcelántriennálén ; Olaszországban – Faenzában a kerámia biennálén; Japánban – Aomoriban egy Nemzetközi Fatüzeléses Kerámia Fesztiválon.</p>



<p>A több hazai csoportos kiállítás mellett Finnországban, Törökországban, Németországban és Olaszországban is szerepeltem, a legutóbbi egyéni kiállításom pedig a budapesti Museion No1 Galériában volt Szőcs Éva Andreával.</p>



<p>Rendszeresen részt veszek különböző mesterkurzusokon, szimpóziumokon, egyéni és közös kiállításokon. Szakmai munkásságomnak legfontosabb helyszínét a Kecskeméti Nemzetközi Kerámia Stúdiót tartom, ahol két évig lehettem, mint mesterdiplomás, majd később számos szimpóziumon és mesterkurzuson alkothattam hazai és külföldi művészekkel egyaránt.</p>



<p>Fontos számomra egy „élő” gyár vagy manufaktúra működését személyesen megtapasztalni. A hároméves Moholy- Nagy László formatervezési ösztöndíjam által két évet a Herendi Manufaktúrában töltve sok tapasztalatot szereztem az ottani felkészült szakemberektől. Az Alföld Porcelángyár pedig 2015-ben is nagy lehetőséget adott a Hódmezővásárhelyi Szimpózium résztvevő művészei számára.</p>



<p>2011 óta Szigetmonostori műhelyemben, a Pajta Stúdióban gyerekeknek tartok egész évben kerámia szakkört, a felnőtt Önképző kör pedig évek óta működik. Tapasztalatom szerint egyre többen vágynak arra, hogy munka után kezüket formázásra, korongozásra és festésre használják és alkothassanak kedvük szerint egy inspiratív légkörben, felkészült művész vezetésével.</p>



<p>Azt tartom izgalmasnak, amikor egy bizonyos gondolattól, ötlettől vezérelve az anyag rugalmassága, hajlékonysága által friss, sosem tapasztalt formák születhetnek meg a kezeim által. &nbsp;Ilyenkor a jól ismert feszültségen és izgatottságon túl már a játszó gyermek öröme tölt el.</p>



<p>Szeretem a változatosságot műfaj és téma tekintetében is – „kötelező” valami újat létrehozni, legyen az egy kültéri plasztika, korongozott figura vagy akár egy mázas porcelántégely. &nbsp;</p>



<p>Kedvenc témáim: játéktáblák; kerti plasztikák; szárnyplasztikák; korongolt figurák; rajzos felületű kerámia burkolat.</p>



<p>Kedvenc technikáim: papírporcelánnal való plasztikaépítés, felrakás, korongozás.</p>



<p>Kértek már fel díjak tervezésére; dizájn tárgyak és ékszerek; köztéri ivókút; urna és kerti plasztikák kivitelezésére is.</p>



<p>Törekszem a megújulásra és az őszinteségre.</p>



<figure class="wp-block-image size-full is-resized has-custom-border"><img fetchpriority="high" decoding="async" width="512" height="512" src="https://varbiro.hu/wp-content/uploads/2026/01/monogram-512.jpg" alt="" class="wp-image-144" style="border-top-left-radius:20px;border-top-right-radius:20px;border-bottom-left-radius:20px;border-bottom-right-radius:20px;width:100px" srcset="https://varbiro.hu/wp-content/uploads/2026/01/monogram-512.jpg 512w, https://varbiro.hu/wp-content/uploads/2026/01/monogram-512-300x300.jpg 300w, https://varbiro.hu/wp-content/uploads/2026/01/monogram-512-150x150.jpg 150w" sizes="(max-width: 512px) 100vw, 512px" /></figure>

<p>Várbiró Kinga Evelin keramikusművész 1997-ben diplomáztam a Magyar Iparművészeti Főiskola Mesterképző Intézetében. Nagy öröm számomra, hogy részt vehettem: Svájcban – Nyonban a Porcelántriennálén ; Olaszországban – Faenzában a kerámia biennálén; Japánban – Aomoriban egy Nemzetközi Fatüzeléses Kerámia Fesztiválon. A több hazai csoportos kiállítás mellett Finnországban, Törökországban, Németországban és Olaszországban is szerepeltem, a legutóbbi egyéni kiállításom [&hellip;]</p>
